 divisor of w and r?
11
Let f be 6/6*(6 - 1). What is the greatest common factor of 15 and f?
5
Let j(m) = -1 + 1 - 4*m - 1 - 3*m. Let h be j(-1). Let o = 37 + -7. What is the greatest common factor of h and o?
6
Let z(j) = j**3 + 11*j**2 - 11*j + 5. Let c be z(-12). Let m(g) = -g**3 - 5*g**2 + 9*g + 3. Let a be m(c). Calculate the greatest common divisor of 95 and a.
19
Let p be -6*1/(-2) - -19. Let v = 42 - p. Calculate the highest common divisor of v and 5.
5
Suppose -u = -f + 4*u + 14, -4*f + 116 = -5*u. Suppose 0 = 3*v - 14 - f. Calculate the greatest common divisor of 176 and v.
16
Let z(q) = 3*q**3 - 3*q. Let v be z(2). Calculate the greatest common factor of 4 and v.
2
Let x be 62*(3/6)/(-1). Let r = x - -4. Let j = r - -39. What is the highest common factor of 18 and j?
6
Let m be (48/(-20)*-2)/(2/10). What is the highest common factor of m and 4?
4
Let v = 107 + -59. Let p = -80 - -138. Suppose 4*b = 3*d - p + 198, -b + 4*d = -48. What is the highest common factor of v and b?
16
Let a(q) = -q**2 + 15*q - 22. Let b be a(10). What is the highest common factor of b and 16?
4
Let w be -1*2 - (-9 + 6). Let q be 363/6*2*w. Calculate the greatest common factor of q and 11.
11
Let s(f) = 3*f**2 - 3*f - 12. Let r be s(-8). Calculate the highest common factor of 34 and r.
34
Suppose 2*x + 3*x + 15 = 3*i, -5*x + 2*i = 10. Suppose 3*z + 2*r - 13 = x, -2*z + 3*r = 3 + 10. What is the highest common divisor of z and 11?
1
Suppose 5*s = -3*a - 24 + 193, 0 = 5*a + s - 245. Let h(u) = 5*u**2 + 1. Let o be h(-1). What is the greatest common factor of o and a?
6
Let q be (-110)/(-15) - (-1)/(-3). What is the greatest common divisor of 77 and q?
7
Suppose 0 = -5*m + 3 + 7. Suppose 0 = 4*o - 7*o + m*v + 127, 2*v = -5*o + 233. What is the greatest common factor of 30 and o?
15
Suppose -10*i = -4*i - 12. Let b be (-6)/2*(-4)/6. Calculate the highest common divisor of b and i.
2
Suppose 1 - 51 = -i. What is the greatest common divisor of 10 and i?
10
Suppose -11*l - 27 = -14*l. What is the highest common factor of 108 and l?
9
Suppose 0*h + 4*m = 3*h - 178, -3*h - m = -203. Suppose 2*r - 3*d = h, 4*r = 3*r + d + 34. What is the highest common divisor of 12 and r?
12
Suppose -11 = -4*x + 3*l - 2*l, -3*l - 11 = -x. What is the greatest common factor of x and 1?
1
Let j(p) = -32*p**3 + p**2 + p. Let x be j(-1). Suppose -5*g + 18 = -22. What is the highest common divisor of g and x?
8
Suppose 0*c - 4*c = -16. Suppose -2*f - 3*f + b = -35, 3*f + 5*b + 7 = 0. Suppose 16 = -c*m + f*m. What is the greatest common divisor of 64 and m?
8
Suppose 2*b = -b + 15. Let z(l) = -3*l**3 - 2*l**2 - l. Let a be z(-1). Suppose a*j = 10 + 10. Calculate the greatest common divisor of j and b.
5
Suppose -2*v = -3*v + 4*d + 45, 3*d - 104 = -4*v. What is the greatest common factor of v and 116?
29
Let s = 9 - 7. Suppose 4*f - 2*r = 36 + 4, -f = -s*r - 13. What is the highest common factor of f and 36?
9
Suppose -4*s + 5*r + 76 = 0, 0 = 2*r - 5 - 3. What is the greatest common factor of 3 and s?
3
Let z = 13 - 9. Suppose -5*n - 43 = -z*i, -14 - 8 = -4*i - 2*n. What is the greatest common divisor of i and 1?
1
Suppose -2*r = -18 - 166. Suppose 27 = -5*t + r. What is the greatest common factor of 13 and t?
13
Let p be (3/5 - (-69)/(-115)) + 7. Calculate the highest common factor of p and 77.
7
Suppose 3*c - 245 = -56. What is the highest common factor of 9 and c?
9
Suppose -5*y + 22 + 3 = 0. Let w be (y + -3)/(1/4). What is the greatest common factor of 2 and w?
2
Let k(t) = -4 + 0 + 2*t + 2. Let i(s) = -s**2 + s + 13. Let z be i(3). Let b be k(z). What is the highest common factor of b and 12?
12
Suppose 0 = 4*q - 9*q + 25. Let v be 2/3 + (-8)/(-6). Let r(s) = 2*s**3 + s**2 + 2*s + 1. Let h be r(v). Calculate the greatest common divisor of q and h.
5
Let g(b) = -3*b + 36. Let p be g(6). Calculate the highest common factor of 162 and p.
18
Suppose 0 = 5*q - 1965 + 375. What is the highest common divisor of q and 53?
53
Let v = -12 + 22. What is the highest common factor of v and 10?
10
Suppose -3*u = -5*w + 46, 2*u = -4*w - u + 53. What is the highest common divisor of 121 and w?
11
Let f(l) = 11*l - 1. Let n be f(1). Let y be n/6*(7 - -5). Calculate the highest common factor of 5 and y.
5
Let b be 6 + -6 - 1*-117. Calculate the greatest common factor of b and 13.
13
Let y(d) = -d**3 + 5*d**2 - 5*d + 5. Let o be y(4). Let j be (0 - 1 - -10)/1. Calculate the greatest common factor of o and j.
1
Suppose 3*n - 7*n - 5*f = -31, -3*f = 3. Suppose -2*h = 6*a - 3*a - n, -39 = -2*h + 3*a. What is the highest common factor of h and 36?
12
Let x be (-1 + 0)*7*-9. Suppose 4*c = -19*c + 483. What is the highest common divisor of c and x?
21
Let h be 40*(0 + 1)/1. Suppose -5*c = -0*c - h. What is the highest common factor of c and 40?
8
Suppose -3*l + 4 = 5*n, 3*l + 2*l - 19 = 4*n. Suppose -a + 8 = l*a. Let o(g) = -g - 3. Let u be o(-4). Calculate the greatest common factor of a and u.
1
Suppose 0*s = s - 11. Calculate the greatest common divisor of 33 and s.
11
Suppose -g - 3*t + 42 = 0, 5*g - 199 = -4*t - 0*t. What is the greatest common divisor of g and 273?
39
Suppose a + 4 - 11 = 0. Calculate the highest common divisor of 28 and a.
7
Let x(r) = -r + 13. Let q be x(6). Suppose -q = -v + m + 2, -12 = -2*v + 4*m. What is the greatest common factor of 24 and v?
12
Suppose -9*l = -20 - 16. Calculate the greatest common divisor of 8 and l.
4
Let g = 12 - -18. What is the highest common divisor of 240 and g?
30
Let h(w) = w**3 + 2*w**2 + w + 1. Let f be h(-1). Let i be (f - 2) + 2 + 1. Let j be (4 - 40)/(i/(-8)). Calculate the greatest common factor of 18 and j.
18
Suppose -8*p + 208 = -4*p. What is the greatest common divisor of 13 and p?
13
Suppose 4*r + 0*o + 2*o = 0, -2*r + 4*o = 0. Suppose r = 3*q + 5 - 32. Calculate the highest common divisor of q and 36.
9
Let w = -17 + 25. Suppose -n = -2*r - 1, 3*n = r + 6*n - 17. Calculate the highest common factor of r and w.
2
Let s = 10 - 7. Let m be 1*(2 - (2 - s)). Calculate the greatest common divisor of m and 3.
3
Let p be 204/15 + 2/5. Calculate the highest common factor of 35 and p.
7
Let s = 24 + -17. What is the highest common factor of 35 and s?
7
Suppose j - 2 = -3*r, 3*j - 12 = r + 4. Suppose 1 = o - 1. Let a = 3 + o. Calculate the highest common divisor of j and a.
5
Let x = 18 - -48. Let u = 114 - x. Calculate the greatest common factor of 12 and u.
12
Let d = 15 - -18. Calculate the greatest common divisor of d and 99.
33
Suppose -3*v - 2 = j + 3, -4*j = -3*v + 35. Let z be j*((-5)/2 + -1). Let k(p) = 30*p + 12. Let a be k(1). What is the highest common divisor of a and z?
14
Suppose 2*v = 5*j + 752, 0 = -v + j - 4*j + 365. Suppose -4 = 2*y, -5*r = -0*r + 2*y - v. Calculate the greatest common factor of r and 30.
15
Suppose 111 - 25 = 2*i. Let a = 127 - i. Suppose -3*k = o - 5*o + 42, 2*o = -k + 26. What is the greatest common factor of o and a?
12
Let s(h) = 39*h. Let j be s(6). Calculate the greatest common factor of 26 and j.
26
Let z = -22 + 68. Suppose 4*k + 6 = z. What is the highest common factor of k and 50?
10
Let o = 24 + -15. Suppose -w = -1, 3*j - 4*w - 177 = 35. What is the greatest common divisor of o and j?
9
Suppose 5*v = -2*j + 270, -22 = -v + 3*j + 32. Suppose -3*u + 8 + 10 = 0. Calculate the greatest common divisor of u and v.
6
Suppose -3*b + 28 - 6 = 2*g, 3*b + 3*g - 21 = 0. What is the greatest common divisor of b and 72?
8
Suppose -4*c = 4*v - 9*v + 164, 0 = -2*v + 5*c + 52. Suppose -3*i = 4*y - v + 11, 3*y - i - 22 = 0. What is the greatest common divisor of 14 and y?
7
Let t be (-2 + 0 - -35) + 0. Let i = t - 12. Suppose -y = -10 + 3. Calculate the highest common factor of i and y.
7
Let v = -9 - 1. Let s = 22 + v. What is the highest common factor of 4 and s?
4
Suppose -4*v = 14*v - 1710. Let b = 42 + -23. Calculate the highest common factor of v and b.
19
Let k be (-49)/1*(-3 - 0). Suppose 4*t - k = t. Suppose 1 = -4*v + 29. Calculate the greatest common divisor of v and t.
7
Let k be ((32/4)/((-8)/12))/(-2). What is the highest common divisor of k and 12?
6
Suppose -3*g + 92 - 20 = 0. Calculate the highest common factor of 60 and g.
12
Suppose -5*i - 22 = 28. Let m = 21 + i. What is the highest common factor